{"id":240,"date":"2025-11-04T12:55:05","date_gmt":"2025-11-04T11:55:05","guid":{"rendered":"https:\/\/artemys-habitat.fr\/simulateur\/?page_id=240"},"modified":"2025-11-04T12:55:05","modified_gmt":"2025-11-04T11:55:05","slug":"etre-rappelee","status":"publish","type":"page","link":"https:\/\/artemys-habitat.fr\/simulateur\/etre-rappelee\/","title":{"rendered":"\u00catre rappel\u00e9e"},"content":{"rendered":"<div id=\"lfb_bootstraped\" class=\"lfb_bootstraped notranslate\"><div id=\"lfb_form\" data-usevisual=\"1\" data-progressbar=\"2\" data-qttype=\"0\" data-imgtitlesstyle=\"\" data-emaillaststep=\"0\" data-showsteps=\"true\"      data-formtitle=\"Etre rappel\u00e9.e\" data-formsession=\"69f3814e7d7a9\" data-autoclick=\"0\"  data-subs=\"\" data-form=\"46\" class=\"lfb_bootstraped  \" data-stylefields=\"light\" data-animspeed=\"0\" data-sumstepsclick=\"0\" data-sumhidesteps=\"0\">\r\n                <div id=\"lfb_loader\"><div class=\"lfb_spinner\"><div class=\"double-bounce1\"><\/div><div class=\"double-bounce2\"><\/div><\/div><\/div><div id=\"lfb_passModal\" class=\"modal\" data-backdrop=\"\"><div class=\"modal-dialog\"><div class=\"modal-content\"><div class=\"modal-header\"><span class=\"fas fa-lock\"><\/span><span><\/span><a href=\"javascript:\" class=\"close\" data-bs-dismiss=\"modal\" aria-label=\"Close\"><span class=\"fas fa-times\"><\/span><\/a><\/div> <div class=\"modal-body p-0\"><\/div><div class=\"modal-footer\"><a href=\"javascript:\"  data-bs-dismiss=\"modal\" class=\"btn btn-primary btn-circle\"><span class=\"fas fa-check\"><\/span><\/a><\/div><\/div><\/div><\/div><div id=\"lfb_stripeModal\" class=\"modal\" data-backdrop=\"\"><div class=\"modal-dialog\"><div class=\"modal-content\"><div class=\"modal-header\"><div><span class=\"fab fa-cc-stripe\"><\/span><span>Make a payment<\/span><\/div><a href=\"javascript:\" class=\"close\" data-bs-dismiss=\"modal\" aria-label=\"Close\"><span class=\"fas fa-times\"><\/span><\/a><\/div> <div class=\"modal-body p-0\"><div data-panel=\"form\" class=\"p-2\"><div class=\"lfb_amountTextContainer\" class=\"p-2 mb-3 \"><div class=\"m-0 lfb_amountText text-center pb-2\">Total to pay :<br\/> <strong data-info=\"amount\">$5<\/strong><\/div><\/div><form method=\"post\" id=\"lfb_stripePaymentForm\" class=\"pl-4 pr-4 pt-3\" ><div class=\"row\"><div class=\"form-group col-md-6\"><div id=\"lfb_stripe_card-element\" class=\"form-control\"><\/div><\/div><div class=\"form-group col-md-3\"><div id=\"lfb_stripe_expiration-element\" class=\"form-control\"><\/div><\/div><div class=\"form-group col-md-3\"><div id=\"lfb_stripe_cvc-element\" class=\"form-control\"><\/div><\/div><div id=\"lfb_stripe_card-error\" class=\" col-md-12\"><\/div><div class=\"form-group col-md-12\"><input placeholder=\"Card owner name\" name=\"ownerName\" class=\"form-control\" type=\"text\"\/><\/div><\/div><\/form><div class=\"text-center lfb_stripeLogoContainer\"><img decoding=\"async\" class=\"lfb_stripeLogo\" src=\"https:\/\/artemys-habitat.fr\/simulateur\/wp-content\/uploads\/2025\/10\/powered_by_stripe@2x.png\" alt=\"Powered by Stripe\" \/><\/div><\/div><div data-panel=\"loading\"><div class=\" text-center\"><span class=\"fas fa-hourglass-half big\"><\/span><\/div><\/div><div data-panel=\"fail\"><div class=\"text-center\"><p><span class=\"fas fa-times big\"><\/span><\/p><div>Payment could not be made<\/div><div data-info=\"error\" class=\"text-center\"><\/div><\/div><\/div><\/div><div class=\"modal-footer\"><a href=\"javascript:\" data-action=\"pay\"  class=\"btn btn-primary\"><span class=\"fas fa-check\"><\/span>Pay now<\/a><\/div><\/div><\/div><\/div><div id=\"lfb_verificationModal\" class=\"modal\" data-backdrop=\"\"><div class=\"modal-dialog\"><div class=\"modal-content\"><div class=\"modal-body\"><div class=\"form-group\"><label>Fill the code you received by email<\/label><div class=\"lfb_verification-code-inputs\"><input type=\"text\" class=\"form-control lfb_verification-char\" maxlength=\"1\" name=\"verificationCode[]\" \/><input type=\"text\" class=\"form-control lfb_verification-char\" maxlength=\"1\" name=\"verificationCode[]\" \/><input type=\"text\" class=\"form-control lfb_verification-char\" maxlength=\"1\" name=\"verificationCode[]\" \/><input type=\"text\" class=\"form-control lfb_verification-char\" maxlength=\"1\" name=\"verificationCode[]\" \/><input type=\"text\" class=\"form-control lfb_verification-char\" maxlength=\"1\" name=\"verificationCode[]\" \/><input type=\"text\" class=\"form-control lfb_verification-char\" maxlength=\"1\" name=\"verificationCode[]\" \/><\/div><\/div><\/div><\/div><\/div><\/div><a id=\"lfb_close_btn\" href=\"javascript:\"><span class=\"fas fa-times\"><\/span><\/a>\r\n                <div id=\"lfb_panel\">\r\n                <div class=\"container-fluid\">\r\n                    <div class=\"row\">\r\n                        <div class=\"\" ><p class=\"lfb_startBtnContainer lfb-hidden\">\r\n                                <a href=\"javascript:\"  class=\"btn btn-large btn-primary\" id=\"lfb_btnStart\"><span class=\"fa fa-check\"><\/span>GET STARTED<\/a>\r\n                            <\/p> <div id=\"genPrice\" class=\"genPrice lfb-hidden\">\r\n                                <div class=\"progress\">\r\n                                    <div class=\"progress-bar\">\r\n                                        <div class=\"progress-bar-price \">\r\n                                            <span>0$<\/span>\r\n                                            \r\n                                        <\/div>\r\n                                    <\/div>\r\n\r\n                                <\/div>\r\n                            <\/div>\r\n                            <!-- \/genPrice --><div id=\"finalText\" class=\"lfb_stepTitle\">Votre demande de rappele a bien \u00e9t\u00e9 prise en compte.<\/div>\r\n                        <\/div>\r\n                        <!-- \/col -->\r\n                    <\/div>\r\n                    <!-- \/row -->\r\n                <div id=\"lfb_mainPanel\" class=\"palette-clouds\" data-savecart=\"0\"> <input type=\"hidden\" name=\"action\" value=\"lfb_upload_form\"\/>\r\n                <input type=\"hidden\" id=\"lfb_formSession\" name=\"formSession\" value=\"69f3814e7d7a9\"\/><div class=\"lfb_genSlide\" id=\"finalSlide\" data-stepid=\"final\" data-title=\"\">\r\n                <div class=\"lfb_stepTitle\"><\/div>\r\n                <div class=\"lfb_genContent container\">\r\n                    <div class=\"row lfb_row lfb_genContentSlide active  lfb_sortable\">\r\n                        <p id=\"lfb_finalLabel\" class=\"lfb-hidden\">The final estimated price is :<\/p><div id=\"lfb_finalPrice\" class=\"lfb-hidden\"><span><\/span><\/div><div id=\"lfb_subTxtValue\" class=\"lfb_dynamicHide\"><\/div><div class=\"lfb_itemBloc col-md-12  lfb_item lfb_itemContainer_7702   lfb_row row\"     data-id=\"7702\" data-columns=\"[{&quot;id&quot;:&quot;6909e8deed907&quot;,&quot;size&quot;:&quot;1\\\/2&quot;},{&quot;size&quot;:&quot;1\\\/2&quot;,&quot;id&quot;:&quot;6909e8deeed6b&quot;}]\" data-itemtype=\"row\"><div class=\"lfb_column lfb_sortable col-md-6\" data-columnid=\"6909e8deed907\"><div class=\"lfb_itemBloc  lfb_item lfb_itemContainer_7697  \" data-alignment=\"1\" data-id=\"7697\" data-itemtype=\"textfield\"><div class=\"form-group\"><label>Nom<\/label>\r\n                 <input   data-prefill=\"nom\" data-urlvariable=\"1\" data-sentattribute=\"quantity\"  data-variablename=\"nom\"  data-type=\"textfield\" type=\"text\"  data-autocomplete=\"0\" placeholder=\"\" data-fieldtype=\"lastName\"           data-itemid=\"7697\"   data-showinsummary=\"true\"  class=\"form-control\" data-required=\"true\"  data-title=\"Nom\" data-originaltitle=\"Nom\"  data-originallabel=\"Nom\"  \/><\/div><\/div><\/div><div class=\"lfb_column lfb_sortable col-md-6\" data-columnid=\"6909e8deeed6b\"><div class=\"lfb_itemBloc  lfb_item lfb_itemContainer_7698  \" data-alignment=\"1\" data-id=\"7698\" data-itemtype=\"textfield\"><div class=\"form-group\"><label>Pr\u00e9nom<\/label>\r\n                 <input   data-prefill=\"prenom\" data-urlvariable=\"1\" data-sentattribute=\"quantity\"  data-variablename=\"prenom\"  data-type=\"textfield\" type=\"text\"  data-autocomplete=\"0\" placeholder=\"\" data-fieldtype=\"firstName\"           data-itemid=\"7698\"   data-showinsummary=\"true\"  class=\"form-control\" data-required=\"true\"  data-title=\"Pr\u00e9nom\" data-originaltitle=\"Pr\u00e9nom\"  data-originallabel=\"Pr\u00e9nom\"  \/><\/div><\/div><\/div><\/div><div class=\"lfb_itemBloc col-md-12  lfb_item lfb_itemContainer_7703   lfb_row row\"     data-id=\"7703\" data-columns=\"[{&quot;id&quot;:&quot;6909e8deef824&quot;,&quot;size&quot;:&quot;1\\\/2&quot;},{&quot;size&quot;:&quot;1\\\/2&quot;,&quot;id&quot;:&quot;6909e8def0089&quot;}]\" data-itemtype=\"row\"><div class=\"lfb_column lfb_sortable col-md-6\" data-columnid=\"6909e8deef824\"><div class=\"lfb_itemBloc  lfb_item lfb_itemContainer_7699  \" data-alignment=\"1\" data-id=\"7699\" data-itemtype=\"textfield\"><div class=\"form-group\"><label>Email<\/label>\r\n                 <input   data-prefill=\"email\" data-urlvariable=\"1\" data-sentattribute=\"quantity\"  data-variablename=\"email\"  data-type=\"textfield\" type=\"text\" data-validation=\"email\" data-autocomplete=\"0\" placeholder=\"\" data-fieldtype=\"email\"       autocomplete=\"on\" name=\"email\"     data-itemid=\"7699\"   data-showinsummary=\"true\"  class=\"form-control\" data-required=\"true\"  data-title=\"Email\" data-originaltitle=\"Email\"  data-originallabel=\"Email\"  \/><\/div><\/div><\/div><div class=\"lfb_column lfb_sortable col-md-6\" data-columnid=\"6909e8def0089\"><div class=\"lfb_itemBloc  lfb_item lfb_itemContainer_7700  \" data-alignment=\"1\" data-id=\"7700\" data-itemtype=\"textfield\"><div class=\"form-group\"><label>T\u00e9l\u00e9phone<\/label>\r\n                 <input   data-prefill=\"telephone\" data-urlvariable=\"1\" data-sentattribute=\"quantity\"  data-variablename=\"telephone\"  data-type=\"textfield\" type=\"text\"  data-autocomplete=\"0\" placeholder=\"\" data-fieldtype=\"phone\"           data-itemid=\"7700\"   data-showinsummary=\"true\"  class=\"form-control\" data-required=\"true\"  data-title=\"T\u00e9l\u00e9phone\" data-originaltitle=\"T\u00e9l\u00e9phone\"  data-originallabel=\"T\u00e9l\u00e9phone\"  \/><\/div><\/div><\/div><\/div><div class=\"lfb_itemBloc col-md-12  lfb_item lfb_itemContainer_7704   lfb_row row\"     data-id=\"7704\" data-columns=\"[{&quot;id&quot;:&quot;6909e8def359f&quot;,&quot;size&quot;:&quot;1\\\/1&quot;},{&quot;size&quot;:&quot;1\\\/3&quot;,&quot;id&quot;:&quot;6909ea22d6792&quot;}]\" data-itemtype=\"row\"><div class=\"lfb_column lfb_sortable col-md-12\" data-columnid=\"6909e8def359f\"><div class=\"lfb_itemBloc  lfb_item lfb_itemContainer_7706  \" data-alignment=\"0\"  data-id=\"7706\" data-itemtype=\"datepicker\"><div class=\"form-group\"><label>A quel moment souhaitez-vous \u00eatre rappel\u00e9.e ?<\/label>\r\n                        <input data-mindatepicker=\"0\" data-urlvariable=\"1\" data-sentattribute=\"price\" data-variablename=\"\" readonly=\"true\" type=\"text\"  placeholder=\"\" data-itemid=\"7706\"  data-showinsummary=\"true\"         class=\"form-control lfb_datepicker\"  data-title=\"A quel moment souhaitez-vous \u00eatre rappel\u00e9.e ?\"  data-originallabel=\"A quel moment souhaitez-vous \u00eatre rappel\u00e9.e ?\"  data-originaltitle=\"A quel moment souhaitez-vous \u00eatre rappel\u00e9.e ?\"   data-maxevents=\"1\" data-startdays=\"0\" data-allowpast=\"0\" data-showmonths=\"0\" data-showyears=\"0\"data-datetype=\"dateTime\" data-calendarid=\"0\" data-daysweek=\"\" data-hoursdisabled=\"\" data-eventduration=\"1\" data-eventdurationtype=\"hours\" data-eventcategory=\"0\" data-registerevent=\"0\" data-eventbusy=\"0\" data-eventtitle=\"New event\" data-useasdaterange=\"0\" data-enddaterangeid=\"0\" data-disableminutes=\"0\" \/>\r\n                         <\/div><\/div><div class=\"lfb_itemBloc  lfb_item lfb_itemContainer_7705  \" data-alignment=\"0\" data-id=\"7705\" data-itemtype=\"textarea\"><div class=\"form-group\"><label>Message<\/label>\r\n                 <textarea    data-prefill=\"\" data-urlvariable=\"1\" data-sentattribute=\"quantity\"  data-variablename=\"message\" placeholder=\"\"  data-type=\"textarea\" data-itemid=\"7705\"          data-showinsummary=\"true\"  class=\"form-control\"  data-title=\"Message\" data-originaltitle=\"Message\"  data-originallabel=\"Message\" ><\/textarea><\/div><\/div><div class=\"lfb_itemBloc  lfb_item lfb_itemContainer_7708  \"  data-id=\"7708\" data-itemtype=\"checkbox\"><div  class=\"checkboxCt  checkboxCt-primary\"><input id=\"cb_7708\" data-urlvariable=\"1\" data-sentattribute=\"title\" data-variablename=\"\" type=\"checkbox\"                   data-showinsummary=\"true\"   class=\"\"   data-operation=\"+\" data-originaltitle=\"En soumettant ce formulaire, j'accepte que les informations saisies soient trait\u00e9es dans le cadre de ma demande par Artemys Energies.\"  data-originallabel=\"En soumettant ce formulaire, j'accepte que les informations saisies soient trait\u00e9es dans le cadre de ma demande par Artemys Energies.\"  data-itemid=\"7708\" data-prodid=\"0\"  data-woovar=\"0\" data-eddvar=\"0\" data-required=\"true\"  data-toggle=\"switch\" data-checkboxstyle=\"checkbox\"  data-price=\"0\"  data-addtototal=\"0\" data-title=\"En soumettant ce formulaire, j'accepte que les informations saisies soient trait\u00e9es dans le cadre de ma demande par Artemys Energies.\" \/><label for=\"cb_7708\">En soumettant ce formulaire, j'accepte que les informations saisies soient trait\u00e9es dans le cadre de ma demande par Artemys Energies.<\/label> <\/div><p class=\"lfb_itemDes \">Ces informations ne seront en aucun cas partag\u00e9es avec des tiers conform\u00e9ment \u00e0 notre <a href=\"\/politique-de-confidentialite\/\">politique de confidentialit\u00e9<\/a>.<\/p><\/div><\/div><div class=\"lfb_column lfb_sortable col-md-4\" data-columnid=\"6909ea22d6792\"><\/div><\/div><div class=\"lfb_itemBloc col-md-2 lfb-hidden lfb_item lfb_itemContainer_7701  \" data-alignment=\"1\" data-id=\"7701\" data-itemtype=\"textfield\"><div class=\"form-group\"><label>ref<\/label>\r\n                 <input   data-prefill=\"ref\" data-urlvariable=\"1\" data-sentattribute=\"quantity\"  data-variablename=\"tag\"  data-type=\"textfield\" type=\"text\"  data-autocomplete=\"0\" placeholder=\"\" data-fieldtype=\"lastName\"           data-itemid=\"7701\"   data-showinsummary=\"true\"  class=\"form-control\"   data-title=\"ref\" data-originaltitle=\"ref\"  data-originallabel=\"ref\"  \/><\/div><\/div>\r\n                   <div id=\"lfb_summary\" class=\"lfb_summary table-responsive lfb-hidden\">\r\n                        <h3>Summary<\/h3>\r\n                        <table class=\"table table-bordered\">\r\n                            <thead>\r\n                                <th>Description<\/th>\r\n                                <th class=\"lfb_valueTh\">Information<\/th>\r\n                                <th class=\"lfb_quantityTh \">Quantity<\/th>\r\n                                <th class=\"lfb_priceTh lfb-hidden lfb_hidePrice\">Price<\/th>\r\n                            <\/thead>\r\n                            <tbody>\r\n                                <tr id=\"lfb_summaryDiscountTr\" class=\"lfb_static lfb-hidden lfb_hidePrice\"><th colspan=\"3\">Discount :<\/th><th id=\"lfb_summaryDiscount\"><span><\/span><\/th><\/tr>\r\n                                <tr id=\"lfb_summaryTotalTr\" class=\"lfb_static lfb-hidden lfb_hidePrice\"><th colspan=\"3\">Total :<\/th><th id=\"lfb_summaryTotal\"><span><\/span><\/th><\/tr>\r\n                            <\/tbody>\r\n                        <\/table>\r\n                    <\/div><div id=\"lfb_lastStepDown\"><\/div><div class=\"text-center lfb_btnNextContainer\"><a href=\"javascript:\" id=\"lfb_btnOrder\" class=\"btn btn-wide btn-primary\"><span class=\"fa fa-check\"><\/span>Envoyer<\/a><\/div><div class=\"clearfix\" data-tldinit=\"true\"><\/div><\/div><\/div><\/div><\/div><\/div><\/div><\/div><\/div>\n","protected":false},"excerpt":{"rendered":"","protected":false},"author":1,"featured_media":0,"parent":0,"menu_order":0,"comment_status":"closed","ping_status":"closed","template":"","meta":{"footnotes":""},"class_list":["post-240","page","type-page","status-publish","hentry"],"_links":{"self":[{"href":"https:\/\/artemys-habitat.fr\/simulateur\/wp-json\/wp\/v2\/pages\/240","targetHints":{"allow":["GET"]}}],"collection":[{"href":"https:\/\/artemys-habitat.fr\/simulateur\/wp-json\/wp\/v2\/pages"}],"about":[{"href":"https:\/\/artemys-habitat.fr\/simulateur\/wp-json\/wp\/v2\/types\/page"}],"author":[{"embeddable":true,"href":"https:\/\/artemys-habitat.fr\/simulateur\/wp-json\/wp\/v2\/users\/1"}],"replies":[{"embeddable":true,"href":"https:\/\/artemys-habitat.fr\/simulateur\/wp-json\/wp\/v2\/comments?post=240"}],"version-history":[{"count":1,"href":"https:\/\/artemys-habitat.fr\/simulateur\/wp-json\/wp\/v2\/pages\/240\/revisions"}],"predecessor-version":[{"id":241,"href":"https:\/\/artemys-habitat.fr\/simulateur\/wp-json\/wp\/v2\/pages\/240\/revisions\/241"}],"wp:attachment":[{"href":"https:\/\/artemys-habitat.fr\/simulateur\/wp-json\/wp\/v2\/media?parent=240"}],"curies":[{"name":"wp","href":"https:\/\/api.w.org\/{rel}","templated":true}]}}